{"id":166,"date":"2019-11-30T09:55:37","date_gmt":"2019-11-30T13:55:37","guid":{"rendered":"http:\/\/revitalizacion.proeibandes.org\/?page_id=166"},"modified":"2019-11-30T10:39:29","modified_gmt":"2019-11-30T14:39:29","slug":"primer-panel","status":"publish","type":"page","link":"https:\/\/revitalizacion.proeibandes.org\/index.php\/memoria\/paneles\/primer-panel\/","title":{"rendered":"Primer panel"},"content":{"rendered":"\n<p align=\"justify\"> <strong> A\u00f1o Internacional de las lenguas de la UNESCO: <\/strong> <\/p>\n<ul>\n <li>Tendencias en la evoluci\u00f3n o disminuci\u00f3n de las lenguas en ALC. <\/li>\n <li>Medidas para conservar, revitalizar y promover las lenguas ind\u00edgenas en riesgo. <\/li>\n<\/ul>\n","protected":false},"excerpt":{"rendered":"<p>A\u00f1o Internacional de las lenguas de la UNESCO: Tendencias en la evoluci\u00f3n o disminuci\u00f3n de las lenguas en ALC. Medidas para conservar, revitalizar y promover las lenguas ind\u00edgenas en riesgo.<\/p>\n","protected":false},"author":1,"featured_media":0,"parent":164,"menu_order":1,"comment_status":"closed","ping_status":"closed","template":"","meta":{"footnotes":""},"_links":{"self":[{"href":"https:\/\/revitalizacion.proeibandes.org\/index.php\/wp-json\/wp\/v2\/pages\/166"}],"collection":[{"href":"https:\/\/revitalizacion.proeibandes.org\/index.php\/wp-json\/wp\/v2\/pages"}],"about":[{"href":"https:\/\/revitalizacion.proeibandes.org\/index.php\/wp-json\/wp\/v2\/types\/page"}],"author":[{"embeddable":true,"href":"https:\/\/revitalizacion.proeibandes.org\/index.php\/wp-json\/wp\/v2\/users\/1"}],"replies":[{"embeddable":true,"href":"https:\/\/revitalizacion.proeibandes.org\/index.php\/wp-json\/wp\/v2\/comments?post=166"}],"version-history":[{"count":6,"href":"https:\/\/revitalizacion.proeibandes.org\/index.php\/wp-json\/wp\/v2\/pages\/166\/revisions"}],"predecessor-version":[{"id":190,"href":"https:\/\/revitalizacion.proeibandes.org\/index.php\/wp-json\/wp\/v2\/pages\/166\/revisions\/190"}],"up":[{"embeddable":true,"href":"https:\/\/revitalizacion.proeibandes.org\/index.php\/wp-json\/wp\/v2\/pages\/164"}],"wp:attachment":[{"href":"https:\/\/revitalizacion.proeibandes.org\/index.php\/wp-json\/wp\/v2\/media?parent=166"}],"curies":[{"name":"wp","href":"https:\/\/api.w.org\/{rel}","templated":true}]}}