{"id":127,"date":"2019-11-24T12:50:10","date_gmt":"2019-11-24T16:50:10","guid":{"rendered":"http:\/\/revitalizacion.proeibandes.org\/?page_id=127"},"modified":"2019-11-24T14:02:40","modified_gmt":"2019-11-24T18:02:40","slug":"aymara","status":"publish","type":"page","link":"https:\/\/revitalizacion.proeibandes.org\/index.php\/memoria\/resumen\/aymara\/","title":{"rendered":"Aymara"},"content":{"rendered":"\n<p align=\"justify\"> <strong> JUK\u2019ACHA <\/strong> <\/p>\n<p align=\"justify\"> 2016 maranwa Asamblea General de Naciones Unidas ukankirinakaxa 2019 maraxa A\u00f1o Internacional de las Lenguas Ind\u00edgenas ukhama sutimpi u\u00f1t\u2019atap\u00e4na sasa amtawayapxatayna, ukhamip\u00e4nwa Seminario Internacional de Revitalizaci\u00f3n de Lenguas Ind\u00edgenas en Am\u00e9rica Latina: Buenas Experiencias sata sutimpi tantachasi\u00f1a ulaqaxa utjawayi. <\/p>\n<p align=\"justify\"> Ukaxa 2018 marana, taypi sata phaxsita 10, 11 urunaka makikipkip\u00e4na, khaysa Cochabamba qhirwa markana (Qulla suyu-Bolivia) apasiwayi. Ukanxa Abya yala pueblos ind\u00edgenas uka taypita mayachthapitanaka, yatxatirinaka, yaqhipa utt\u2019ata yatxata\u00f1a jach\u2019a utanakata kunawa sapa mayni amta\u00f1anakapampi, aru-sarawi tuqita sartaya\u00f1a amtanakampi sarantaya\u00f1ataki purintanipxi. <\/p>\n<p align=\"justify\"> Aka ulaqaxa Fondo para el Desarrollo de los Pueblos Ind\u00edgenas de Am\u00e9rica Latina y el Caribe (FILAC), Programa de Formaci\u00f3n en Educaci\u00f3n Intercultural Biling\u00fce para Pa\u00edses Andinos (PROEIB Andes), Bolivia markatxa Ministerio de Educaci\u00f3n, Ministerio de Relaciones Exteriores, Viceministerio de Interculturalidad, Organizaci\u00f3n de Estados Iberoamericanos para la Educaci\u00f3n, la Ciencia y la Cultura (OEI) jupanakana yanapt\u2019asi\u00f1apampiwa lurasiwayi. <\/p>\n<p align=\"justify\"> Uka ulaqanxa M\u00e9xico, Guatemala, Nicaragua, Ecuador, Per\u00fa, Brasil, Bolivia, Chile, Argentina uka markanakata purt\u2019anirinakawa ponencias uka u\u00f1t\u2019awayapxi. Nayraqataxa kunjamasa aka continente tuqina aka Pol\u00edticas p\u00fablicas de revitalizaci\u00f3n ling\u00fc\u00edstica y cultural ukaxa lurasiski uka taypita balance apst\u2019awapxi, ukhamatwa m\u00e4 amuyuxa utjawayi, ukaxa u\u00f1jiwa kunjamatixa nayra tayka arunakaxa epistemolog\u00edas, sistemas de saberes y conocimientos milenarios, formas de sentir, pensar y actuar en interrelaci\u00f3n del ser humano y la madre tierra taqi ukanaka amuyat\u00e4pa, u\u00f1jat\u00e4pa. <\/p>\n<p align=\"justify\"> Balance lurt\u2019atatxa buenas pr\u00e1cticas de revitalizaci\u00f3n de lenguas ind\u00edgenas uka tuqita u\u00f1acht\u2019asiwayaraki, ukatakixa akhama amta\u00f1a taypiwa u\u00f1acht\u2019awayapxi: Experiencias de instituciones en torno a la investigaci\u00f3n y normalizaci\u00f3n ling\u00fc\u00edstica, experiencias de interculturalizaci\u00f3n de los sistemas educativos, experiencias de fortalecimiento identitario y ling\u00fc\u00edstico a trav\u00e9s de las TICs y la formaci\u00f3n docente, el rol acad\u00e9mico en los procesos de revitalizaci\u00f3n cultural y ling\u00fc\u00edstica. <\/p>\n<p align=\"justify\"> <strong>U\u00f1t\u2019a\u00f1a arunaka:<\/strong> Nayra tayka arunaka, interculturalidad, arunaka-sarawinaka ch\u2019amacha\u00f1a, askina sarta\u00f1aka. <\/p>\n<p align=\"justify\"> <em>Mabel Arteaga Vino <\/em>\n","protected":false},"excerpt":{"rendered":"<p>JUK\u2019ACHA 2016 maranwa Asamblea General de Naciones Unidas ukankirinakaxa 2019 maraxa A\u00f1o Internacional de las Lenguas Ind\u00edgenas ukhama sutimpi u\u00f1t\u2019atap\u00e4na sasa amtawayapxatayna, ukhamip\u00e4nwa Seminario Internacional de Revitalizaci\u00f3n de Lenguas Ind\u00edgenas en Am\u00e9rica Latina: Buenas Experiencias sata sutimpi tantachasi\u00f1a ulaqaxa utjawayi. Ukaxa 2018 marana, taypi sata phaxsita 10, 11 urunaka makikipkip\u00e4na, khaysa Cochabamba qhirwa markana (Qulla &hellip; <\/p>\n<p><a class=\"more-link btn\" href=\"https:\/\/revitalizacion.proeibandes.org\/index.php\/memoria\/resumen\/aymara\/\">Seguir leyendo<\/a><\/p>\n","protected":false},"author":1,"featured_media":0,"parent":156,"menu_order":4,"comment_status":"closed","ping_status":"closed","template":"","meta":{"footnotes":""},"_links":{"self":[{"href":"https:\/\/revitalizacion.proeibandes.org\/index.php\/wp-json\/wp\/v2\/pages\/127"}],"collection":[{"href":"https:\/\/revitalizacion.proeibandes.org\/index.php\/wp-json\/wp\/v2\/pages"}],"about":[{"href":"https:\/\/revitalizacion.proeibandes.org\/index.php\/wp-json\/wp\/v2\/types\/page"}],"author":[{"embeddable":true,"href":"https:\/\/revitalizacion.proeibandes.org\/index.php\/wp-json\/wp\/v2\/users\/1"}],"replies":[{"embeddable":true,"href":"https:\/\/revitalizacion.proeibandes.org\/index.php\/wp-json\/wp\/v2\/comments?post=127"}],"version-history":[{"count":1,"href":"https:\/\/revitalizacion.proeibandes.org\/index.php\/wp-json\/wp\/v2\/pages\/127\/revisions"}],"predecessor-version":[{"id":128,"href":"https:\/\/revitalizacion.proeibandes.org\/index.php\/wp-json\/wp\/v2\/pages\/127\/revisions\/128"}],"up":[{"embeddable":true,"href":"https:\/\/revitalizacion.proeibandes.org\/index.php\/wp-json\/wp\/v2\/pages\/156"}],"wp:attachment":[{"href":"https:\/\/revitalizacion.proeibandes.org\/index.php\/wp-json\/wp\/v2\/media?parent=127"}],"curies":[{"name":"wp","href":"https:\/\/api.w.org\/{rel}","templated":true}]}}