{"id":125,"date":"2019-11-24T12:45:44","date_gmt":"2019-11-24T16:45:44","guid":{"rendered":"http:\/\/revitalizacion.proeibandes.org\/?page_id=125"},"modified":"2019-11-24T14:02:03","modified_gmt":"2019-11-24T18:02:03","slug":"quechua","status":"publish","type":"page","link":"https:\/\/revitalizacion.proeibandes.org\/index.php\/memoria\/resumen\/quechua\/","title":{"rendered":"Quechua"},"content":{"rendered":"\n<p align=\"justify\"> <strong> PISICHAY <\/strong><\/p>\n<p align=\"justify\"> Asamblea general de Naciones Unidas qutuchakuypi, 2016 watapi \u00f1irqanku, 2019 wataqa, tukuy suyukunapi yuriqi simikunap watan kananta, chayniqtataq jatun tantaku ruwakuspa karqa: Awya Yalap yuriqi simikunanta kallpachaspa: allin ruwaykuna., sutiwan. <\/p>\n<p align=\"justify\"> Jinataq, 10, 11 p\u2019unchawkuna pawqarwara killapi, 2018 watamanta, Quchapampa llaqtapi (Qulla Suyu, Bolivia) waqyanakurqanku, yuriqi kawsaymanta qutukuna, yachaqkuna, k\u2019uskipaqkuna Awya yalamanta wak istitusiyunkuna ima tantakuspa karqanku. \u00d1a sapa juk ruwayninkupi yachaspa\u00f1a allin chaniyuq yuriqi simikuna kallpachay kasqanta. <\/p>\n<p align=\"justify\"> Kay allin chaniyuq tantakutaqa Fondo para el Desarrollo de los Pueblos Ind\u00edgenas de Am\u00e9rica Latina y el Caribe (FILAC sutiwan) istitusiyun wakichispa karqa, khuskamanta kay istitusiyunkunawan: Programa de Formaci\u00f3n en Educaci\u00f3n Intercultural Biling\u00fce para Pa\u00edses Andinos (PROEIB Andes) sutiwan, chantapis yachay kamachina wasimanta, Ministerio de Relaciones Exteriores wasimanta, Boliviamanta Viceministerio de Interculturalidad, Organizaci\u00f3n de Estados Iberoamericanos para la Educaci\u00f3n, la Ciencia y la Cultura (OEI sutiwan) wasimanta ima. <\/p>\n<p align=\"justify\"> M\u00e9xico, Guatemala, Nicaragua, Ecuador, Per\u00fa, Brasil, Bolivia, Chile, Argentinamantawan allin riqsichiykuna kasqanmanjina juk \u00f1awpaq kutipi, imaynata pol\u00edticas publicas simitawan kawsaytawan kallpachanapaq jatun suyupi thatkichkan, chayraykutaq riqsichikurqa allin chaniyuq yuriqi simikuna kasqanta yachaykamaykunata, \u00f1awpa yachaykunatapis jallch\u2019asqanrayku, wak laya musyaykunapis, yuyaykuna, ruwaykuna ima runawan pachamamawan kawsaypi khuskachasqa. <\/p>\n<p align=\"justify\"> Chayta qhawariytawankamaqa, yuriqi simikunamanta allin ruway kallpachaykunata riqsichikurqa, kay laya llamk\u2019aykunapi: Istitusiyunkunap llamk\u2019ayninpi simip \u00f1anchariyninmantawan k\u2019uskipaymantawan ruwaykunata, kawsaypurapi yachachiy llikachakunamanta ruwaykunata, kaynin wanllamantawan runasimimantawan kallpachay, musuq ruwapayay\u00f1iqmanjina ruwaykunata (TICs), yachachiqpa yachaynin kallpachaypi, yachaqay puriykunapi simikunata kawsaykunata kallpachaymanta. <\/p>\n<p align=\"justify\"> <strong> Anchayupa simikuna: <\/strong> yuriqi simikuna, kawsaypuray, simikamay kallpachay, allin ruway. <\/p>\n","protected":false},"excerpt":{"rendered":"<p>PISICHAY Asamblea general de Naciones Unidas qutuchakuypi, 2016 watapi \u00f1irqanku, 2019 wataqa, tukuy suyukunapi yuriqi simikunap watan kananta, chayniqtataq jatun tantaku ruwakuspa karqa: Awya Yalap yuriqi simikunanta kallpachaspa: allin ruwaykuna., sutiwan. Jinataq, 10, 11 p\u2019unchawkuna pawqarwara killapi, 2018 watamanta, Quchapampa llaqtapi (Qulla Suyu, Bolivia) waqyanakurqanku, yuriqi kawsaymanta qutukuna, yachaqkuna, k\u2019uskipaqkuna Awya yalamanta wak istitusiyunkuna ima &hellip; <\/p>\n<p><a class=\"more-link btn\" href=\"https:\/\/revitalizacion.proeibandes.org\/index.php\/memoria\/resumen\/quechua\/\">Seguir leyendo<\/a><\/p>\n","protected":false},"author":1,"featured_media":0,"parent":156,"menu_order":3,"comment_status":"closed","ping_status":"closed","template":"","meta":{"footnotes":""},"_links":{"self":[{"href":"https:\/\/revitalizacion.proeibandes.org\/index.php\/wp-json\/wp\/v2\/pages\/125"}],"collection":[{"href":"https:\/\/revitalizacion.proeibandes.org\/index.php\/wp-json\/wp\/v2\/pages"}],"about":[{"href":"https:\/\/revitalizacion.proeibandes.org\/index.php\/wp-json\/wp\/v2\/types\/page"}],"author":[{"embeddable":true,"href":"https:\/\/revitalizacion.proeibandes.org\/index.php\/wp-json\/wp\/v2\/users\/1"}],"replies":[{"embeddable":true,"href":"https:\/\/revitalizacion.proeibandes.org\/index.php\/wp-json\/wp\/v2\/comments?post=125"}],"version-history":[{"count":1,"href":"https:\/\/revitalizacion.proeibandes.org\/index.php\/wp-json\/wp\/v2\/pages\/125\/revisions"}],"predecessor-version":[{"id":126,"href":"https:\/\/revitalizacion.proeibandes.org\/index.php\/wp-json\/wp\/v2\/pages\/125\/revisions\/126"}],"up":[{"embeddable":true,"href":"https:\/\/revitalizacion.proeibandes.org\/index.php\/wp-json\/wp\/v2\/pages\/156"}],"wp:attachment":[{"href":"https:\/\/revitalizacion.proeibandes.org\/index.php\/wp-json\/wp\/v2\/media?parent=125"}],"curies":[{"name":"wp","href":"https:\/\/api.w.org\/{rel}","templated":true}]}}